{"id":59,"date":"2017-03-21T12:26:58","date_gmt":"2017-03-21T11:26:58","guid":{"rendered":"https:\/\/www.turnerschaft-cimbria.de\/?page_id=59"},"modified":"2025-01-08T14:20:35","modified_gmt":"2025-01-08T13:20:35","slug":"semesterprogramm","status":"publish","type":"page","link":"https:\/\/www.turnerschaft-cimbria.de\/index.php\/semesterprogramm\/","title":{"rendered":"Semesterprogramm"},"content":{"rendered":"\n<p style=\"font-size:12px\"><span style=\"font-size: 16pt;\"><strong style=\"color: #21759b;\">Programm f\u00fcr das Wintersemester 2024\/25<\/strong><\/span><\/p>\n\n\n\n<p style=\"font-size:10px;line-height:1.5\"><span style=\"font-family: helvetica,arial,sans-serif; font-size: 14pt;\"><strong><strong>Vorlesungszeit:  <\/strong><\/strong>14.10.2024 bis zum 01.02.2025.<\/span><\/p>\n\n\n\n<p><span style=\"font-family: helvetica,arial,sans-serif; font-size: 10pt;\"><strong>Cimbern-Stammtisch:\u00a0<\/strong>Beginnend mit dem 03.10.2024 jeden <strong>zweiten<\/strong> Donnerstag 20h ct <a href=\"https:\/\/www.turnerschaft-cimbria.de\/index.php\/unser-haus\/\">adH<\/a><\/span>.<\/p>\n\n\n\n<p><span style=\"font-family: helvetica,arial,sans-serif; font-size: 10pt;\"><strong>Aktivenabend:\u00a0<\/strong>Beginnend mit dem 10.10.2024 jeden <strong>zweiten<\/strong> Donnerstag 20h ct. <\/span><\/p>\n\n\n\n<p><span style=\"font-size: 10pt; font-family: helvetica,arial,sans-serif;\"><strong>Regelm\u00e4\u00dfig finden statt:<\/strong> Gemeinsame Abendessen, <a href=\"https:\/\/de.wikipedia.org\/wiki\/Pauken\" target=\"_blank\" rel=\"noreferrer noopener\">Pauk<\/a>&#8211; und <a href=\"https:\/\/de.wikipedia.org\/wiki\/Fuchs_(Studentenverbindung)\" target=\"_blank\" rel=\"noreferrer noopener\">Fuxen<\/a>stunden<\/span>.<\/p>\n\n\n\n<p><span style=\"font-family: helvetica, arial, sans-serif; font-size: 10pt;\"><strong>Weiterhin geplant sind:<\/strong> Ausfl\u00fcge, Wanderungen und <a href=\"https:\/\/www.turnerschaft-cimbria.de\/index.php\/segeln-mit-cimbria\/\">Segelt\u00f6rns<\/a>.<\/span><\/p>\n\n\n\n<p><span style=\"font-size: 10pt; font-family: helvetica, arial, sans-serif;\"><strong>Abk\u00fcrzungen: i <\/strong>= interne Veranstaltung &nbsp; <strong>G<\/strong> = mit G\u00e4sten &nbsp; <strong>E<\/strong> = auf Einladung&nbsp;&nbsp; <strong>adH<\/strong> = auf dem <a href=\"https:\/\/www.turnerschaft-cimbria.de\/index.php\/unser-haus\/\">Haus<\/a><\/span><\/p>\n\n\n\n<p><span style=\"color: #21759b; font-family: helvetica,arial,sans-serif; font-size: 10pt;\"><strong>Oktober 2024<\/strong><\/span><span style=\"color: #21759b; font-family: helvetica,arial,sans-serif; font-size: 10pt;\"><\/span><span style=\"color: #21759b; font-family: helvetica,arial,sans-serif; font-size: 10pt;\"><\/span><\/p>\n\n\n\n<div class=\"wp-block-group\"><div class=\"wp-block-group__inner-container is-layout-flow wp-block-group-is-layout-flow\">\n<div class=\"wp-block-columns is-layout-flex wp-container-core-columns-is-layout-1 wp-block-columns-is-layout-flex\">\n<div class=\"wp-block-column is-vertically-aligned-top is-layout-flow wp-block-column-is-layout-flow\" style=\"flex-basis:100%\">\n<p><span style=\"font-family: helvetica, arial, sans-serif; font-size: 10pt;\">01.10. 20 h ct. Semesterantrittsconvent i.<br>04.10. 18 h ct. Begr\u00fc\u00dfungsabend G.<br>05.10. 20 h ct. Ankommers i.<br>06.10. 10 h ct. Sektfr\u00fchst\u00fcck und Exbummel G.<br>07.10.- 13.10.  Erstiwoche<br>15.10. 20h ct.  Convent i.<br>16\/17.10.\u00a0\u00a0\u00a0\u00a0\u00a0\u00a0\u00a0\u00a0\u00a0Erstihilfe adH.<br>18.10. 18 h ct. Begr\u00fc\u00dfungsabend<br>19.10. 11 h ct. Fechtvergleich mit der AGT! Markomanno Teutonia i.<br>26.10. 14 h ct. Oktoberfest G.<br>29.10. 20 h ct. Convent i.<\/span><\/p>\n<\/div>\n<\/div>\n<\/div><\/div>\n\n\n\n<div class=\"wp-block-group\"><div class=\"wp-block-group__inner-container is-layout-flow wp-block-group-is-layout-flow\">\n<div class=\"wp-block-columns is-layout-flex wp-container-core-columns-is-layout-2 wp-block-columns-is-layout-flex\">\n<div class=\"wp-block-column is-layout-flow wp-block-column-is-layout-flow\" style=\"flex-basis:100%\">\n<p><span style=\"font-size: 8pt;\"><span style=\"color: #21759b;\"><strong><span style=\"color: #21759b; font-family: helvetica,arial,sans-serif; font-size: 10pt;\"><strong>November 2024<\/strong><\/span><span style=\"color: #21759b; font-family: helvetica,arial,sans-serif; font-size: 10pt;\"><\/span><span style=\"color: #21759b; font-family: helvetica,arial,sans-serif; font-size: 10pt;\"><\/span><span style=\"font-size: 8pt;\"><\/span><\/strong><\/span><\/span><\/p>\n\n\n\n<p><span style=\"font-family: helvetica, arial, sans-serif; font-size: 10pt;\">01.11. Aktiventag- Tontaubenschie\u00dfen i.<br>02.11. 19 h ct. ,,Eine Reise durch die Philosophie\u201c- ein Vortrag \u00fcber die Rolle der Philosophie in der Wissenschaft E. <br>06.11. 1. AGWR- Sitzung i.<br>08.11.- 10.11. Besuch der T! Ghibelinia G\u00f6ttingen in Greifswald i.<br>12.11. 20 h ct. Convent i. 16.11. 1. Ordentlicher Pauktag des AGWR i.<br>21.11. 18 h ct. Spaziergang nach Wiek mit anschlie\u00dfendem Essen bei Jack &amp; Richies E.<br>26.11. 20 h ct. Convent i.<br>27.11. 2. AGWR- Sitzung i.<br>29.11.- 30.11. Tanzkurswochenende E.<\/span><\/p>\n<\/div>\n<\/div>\n<\/div><\/div>\n\n\n\n<p><span style=\"color: #21759b; font-family: helvetica,arial,sans-serif; font-size: 10pt;\"><strong>Dezember 2024<\/strong><\/span><span style=\"color: #21759b; font-family: helvetica,arial,sans-serif; font-size: 10pt;\"><\/span><span style=\"color: #21759b; font-family: helvetica,arial,sans-serif; font-size: 10pt;\"><\/span><\/p>\n\n\n\n<p><span style=\"font-size: 10pt; font-family: helvetica, arial, sans-serif;\">01.12. Cimbernball anl\u00e4sslich des Tanzkurswochendes G.<br>05.12.18 h ct. Vortragsabend mit anschlie\u00dfendem Gl\u00fchweinabend G.<br>07.12. 2. Ordentlicher Pauktag des AGWR i.<br>10.12. 20h ct. Convent i.<br>12.12. 19 h ct. Weihnachtsmarktbummel G.<br>14.12. 18 h ct. Weihnachtsfeier i.<br>19.12. 19h ct. Feuerzangenbowle G. <\/span><\/p>\n\n\n\n<p><span style=\"color: #21759b; font-family: helvetica,arial,sans-serif; font-size: 10pt;\"><strong>Januar 2025<\/strong><\/span><\/p>\n\n\n\n<div class=\"wp-block-columns is-layout-flex wp-container-core-columns-is-layout-3 wp-block-columns-is-layout-flex\">\n<div class=\"wp-block-column is-layout-flow wp-block-column-is-layout-flow\" style=\"flex-basis:100%\">\n<p class=\"has-text-align-left\"><span style=\"font-size: 10pt; font-family: helvetica, arial, sans-serif;\">04.01. 9 h ct. Neujahrsempfang G.<br>07.01. 20 h ct. Convent i.<br>11.01. 20 h ct. Nieders\u00e4chsische Kneipe G.<br>15.01. 3. AGWR- Sitzung i.<br>16.01. 19 h ct. Aktivenabend- Bowling i.<br>21.01. 20 h ct. Semesterabschlussconvent i.<br>24.01. 18 h ct. Begr\u00fc\u00dfungsabend G.<br>25.01. 3. Ordentlicher Pauktag des AGWR i.<br>25.01. 20 h ct. Semesterabschlusskneipe G.<br>26.01. Ausklang G.<br>31.01. Kulturabend mit Ausflug E.<\/span><\/p>\n<\/div>\n<\/div>\n\n\n<p><!-- \/wp:columns --><\/p>\n<p><!-- wp:paragraph --><\/p>\n<p><span style=\"font-family: helvetica,arial,sans-serif; font-size: 10pt;\"><strong>Erl\u00e4uterungen der Abk\u00fcrzungen<\/strong><\/span>:<\/p>\n<p><!-- \/wp:paragraph --><\/p>\n<p><!-- wp:paragraph --><\/p>\n<p><span style=\"font-family: helvetica,arial,sans-serif; font-size: 10pt;\"><strong>i <\/strong>= interne Veranstaltung<\/span><\/p>\n<p><!-- \/wp:paragraph --><\/p>\n<p><!-- wp:paragraph --><\/p>\n<p><span style=\"font-family: helvetica,arial,sans-serif; font-size: 10pt;\"><strong>G<\/strong> = mit G\u00e4sten <\/span><\/p>\n<p><!-- \/wp:paragraph --><\/p>\n<p><!-- wp:paragraph --><\/p>\n<p><span style=\"font-family: helvetica, arial, sans-serif; font-size: 10pt;\"><strong>E<\/strong> = auf Einladung<\/span><\/p>\n<p><!-- \/wp:paragraph --><\/p>\n<p><!-- wp:paragraph --><\/p>\n<p><span style=\"font-size: 10pt; font-family: helvetica, arial, sans-serif;\"><strong>adH<\/strong> = auf dem <a href=\"https:\/\/www.turnerschaft-cimbria.de\/index.php\/unser-haus\/\">Haus<\/a><\/span><\/p>\n<p><!-- \/wp:paragraph --><\/p>","protected":false},"excerpt":{"rendered":"<p>Programm f\u00fcr das Wintersemester 2024\/25 Vorlesungszeit: 14.10.2024 bis zum 01.02.2025. Cimbern-Stammtisch:\u00a0Beginnend mit dem 03.10.2024 jeden zweiten Donnerstag 20h ct adH. Aktivenabend:\u00a0Beginnend mit dem 10.10.2024 jeden zweiten Donnerstag 20h ct. Regelm\u00e4\u00dfig finden statt: Gemeinsame Abendessen, Pauk&#8211; und Fuxenstunden. Weiterhin geplant sind: Ausfl\u00fcge, Wanderungen und Segelt\u00f6rns. Abk\u00fcrzungen: i = interne Veranstaltung &nbsp; G = mit G\u00e4sten &nbsp; &hellip; <\/p>\n<p class=\"link-more\"><a href=\"https:\/\/www.turnerschaft-cimbria.de\/index.php\/semesterprogramm\/\" class=\"more-link\"><span class=\"screen-reader-text\">\u201eSemesterprogramm\u201c<\/span> weiterlesen<\/a><\/p>\n","protected":false},"author":1,"featured_media":0,"parent":0,"menu_order":0,"comment_status":"closed","ping_status":"closed","template":"","meta":{"footnotes":""},"class_list":["post-59","page","type-page","status-publish","hentry"],"yoast_head":"<!-- This site is optimized with the Yoast SEO plugin v26.8 - https:\/\/yoast.com\/product\/yoast-seo-wordpress\/ -->\n<title>Semesterprogramm - Turnerschaft Cimbria<\/title>\n<meta name=\"description\" content=\"Semesterprogramm der Turnerschaft Cimbria Greifswald\" \/>\n<meta name=\"robots\" content=\"index, follow, max-snippet:-1, max-image-preview:large, max-video-preview:-1\" \/>\n<link rel=\"canonical\" href=\"https:\/\/www.turnerschaft-cimbria.de\/index.php\/semesterprogramm\/\" \/>\n<meta property=\"og:locale\" content=\"de_DE\" \/>\n<meta property=\"og:type\" content=\"article\" \/>\n<meta property=\"og:title\" content=\"Semesterprogramm - Turnerschaft Cimbria\" \/>\n<meta property=\"og:description\" content=\"Semesterprogramm der Turnerschaft Cimbria Greifswald\" \/>\n<meta property=\"og:url\" content=\"https:\/\/www.turnerschaft-cimbria.de\/index.php\/semesterprogramm\/\" \/>\n<meta property=\"og:site_name\" content=\"Turnerschaft Cimbria\" \/>\n<meta property=\"article:publisher\" content=\"https:\/\/www.facebook.com\/CimbriaGryps\/\" \/>\n<meta property=\"article:modified_time\" content=\"2025-01-08T13:20:35+00:00\" \/>\n<meta name=\"twitter:card\" content=\"summary_large_image\" \/>\n<meta name=\"twitter:label1\" content=\"Gesch\u00e4tzte Lesezeit\" \/>\n\t<meta name=\"twitter:data1\" content=\"2\u00a0Minuten\" \/>\n<script type=\"application\/ld+json\" class=\"yoast-schema-graph\">{\"@context\":\"https:\/\/schema.org\",\"@graph\":[{\"@type\":\"WebPage\",\"@id\":\"https:\/\/www.turnerschaft-cimbria.de\/index.php\/semesterprogramm\/\",\"url\":\"https:\/\/www.turnerschaft-cimbria.de\/index.php\/semesterprogramm\/\",\"name\":\"Semesterprogramm - Turnerschaft Cimbria\",\"isPartOf\":{\"@id\":\"https:\/\/www.turnerschaft-cimbria.de\/#website\"},\"datePublished\":\"2017-03-21T11:26:58+00:00\",\"dateModified\":\"2025-01-08T13:20:35+00:00\",\"description\":\"Semesterprogramm der Turnerschaft Cimbria Greifswald\",\"breadcrumb\":{\"@id\":\"https:\/\/www.turnerschaft-cimbria.de\/index.php\/semesterprogramm\/#breadcrumb\"},\"inLanguage\":\"de\",\"potentialAction\":[{\"@type\":\"ReadAction\",\"target\":[\"https:\/\/www.turnerschaft-cimbria.de\/index.php\/semesterprogramm\/\"]}]},{\"@type\":\"BreadcrumbList\",\"@id\":\"https:\/\/www.turnerschaft-cimbria.de\/index.php\/semesterprogramm\/#breadcrumb\",\"itemListElement\":[{\"@type\":\"ListItem\",\"position\":1,\"name\":\"Startseite\",\"item\":\"https:\/\/www.turnerschaft-cimbria.de\/\"},{\"@type\":\"ListItem\",\"position\":2,\"name\":\"Semesterprogramm\"}]},{\"@type\":\"WebSite\",\"@id\":\"https:\/\/www.turnerschaft-cimbria.de\/#website\",\"url\":\"https:\/\/www.turnerschaft-cimbria.de\/\",\"name\":\"Turnerschaft Cimbria Greifswald\",\"description\":\"an der Universit\u00e4t Greifswald seit 1883\",\"potentialAction\":[{\"@type\":\"SearchAction\",\"target\":{\"@type\":\"EntryPoint\",\"urlTemplate\":\"https:\/\/www.turnerschaft-cimbria.de\/?s={search_term_string}\"},\"query-input\":{\"@type\":\"PropertyValueSpecification\",\"valueRequired\":true,\"valueName\":\"search_term_string\"}}],\"inLanguage\":\"de\"}]}<\/script>\n<!-- \/ Yoast SEO plugin. -->","yoast_head_json":{"title":"Semesterprogramm - Turnerschaft Cimbria","description":"Semesterprogramm der Turnerschaft Cimbria Greifswald","robots":{"index":"index","follow":"follow","max-snippet":"max-snippet:-1","max-image-preview":"max-image-preview:large","max-video-preview":"max-video-preview:-1"},"canonical":"https:\/\/www.turnerschaft-cimbria.de\/index.php\/semesterprogramm\/","og_locale":"de_DE","og_type":"article","og_title":"Semesterprogramm - Turnerschaft Cimbria","og_description":"Semesterprogramm der Turnerschaft Cimbria Greifswald","og_url":"https:\/\/www.turnerschaft-cimbria.de\/index.php\/semesterprogramm\/","og_site_name":"Turnerschaft Cimbria","article_publisher":"https:\/\/www.facebook.com\/CimbriaGryps\/","article_modified_time":"2025-01-08T13:20:35+00:00","twitter_card":"summary_large_image","twitter_misc":{"Gesch\u00e4tzte Lesezeit":"2\u00a0Minuten"},"schema":{"@context":"https:\/\/schema.org","@graph":[{"@type":"WebPage","@id":"https:\/\/www.turnerschaft-cimbria.de\/index.php\/semesterprogramm\/","url":"https:\/\/www.turnerschaft-cimbria.de\/index.php\/semesterprogramm\/","name":"Semesterprogramm - Turnerschaft Cimbria","isPartOf":{"@id":"https:\/\/www.turnerschaft-cimbria.de\/#website"},"datePublished":"2017-03-21T11:26:58+00:00","dateModified":"2025-01-08T13:20:35+00:00","description":"Semesterprogramm der Turnerschaft Cimbria Greifswald","breadcrumb":{"@id":"https:\/\/www.turnerschaft-cimbria.de\/index.php\/semesterprogramm\/#breadcrumb"},"inLanguage":"de","potentialAction":[{"@type":"ReadAction","target":["https:\/\/www.turnerschaft-cimbria.de\/index.php\/semesterprogramm\/"]}]},{"@type":"BreadcrumbList","@id":"https:\/\/www.turnerschaft-cimbria.de\/index.php\/semesterprogramm\/#breadcrumb","itemListElement":[{"@type":"ListItem","position":1,"name":"Startseite","item":"https:\/\/www.turnerschaft-cimbria.de\/"},{"@type":"ListItem","position":2,"name":"Semesterprogramm"}]},{"@type":"WebSite","@id":"https:\/\/www.turnerschaft-cimbria.de\/#website","url":"https:\/\/www.turnerschaft-cimbria.de\/","name":"Turnerschaft Cimbria Greifswald","description":"an der Universit\u00e4t Greifswald seit 1883","potentialAction":[{"@type":"SearchAction","target":{"@type":"EntryPoint","urlTemplate":"https:\/\/www.turnerschaft-cimbria.de\/?s={search_term_string}"},"query-input":{"@type":"PropertyValueSpecification","valueRequired":true,"valueName":"search_term_string"}}],"inLanguage":"de"}]}},"_links":{"self":[{"href":"https:\/\/www.turnerschaft-cimbria.de\/index.php\/wp-json\/wp\/v2\/pages\/59","targetHints":{"allow":["GET"]}}],"collection":[{"href":"https:\/\/www.turnerschaft-cimbria.de\/index.php\/wp-json\/wp\/v2\/pages"}],"about":[{"href":"https:\/\/www.turnerschaft-cimbria.de\/index.php\/wp-json\/wp\/v2\/types\/page"}],"author":[{"embeddable":true,"href":"https:\/\/www.turnerschaft-cimbria.de\/index.php\/wp-json\/wp\/v2\/users\/1"}],"replies":[{"embeddable":true,"href":"https:\/\/www.turnerschaft-cimbria.de\/index.php\/wp-json\/wp\/v2\/comments?post=59"}],"version-history":[{"count":239,"href":"https:\/\/www.turnerschaft-cimbria.de\/index.php\/wp-json\/wp\/v2\/pages\/59\/revisions"}],"predecessor-version":[{"id":1025,"href":"https:\/\/www.turnerschaft-cimbria.de\/index.php\/wp-json\/wp\/v2\/pages\/59\/revisions\/1025"}],"wp:attachment":[{"href":"https:\/\/www.turnerschaft-cimbria.de\/index.php\/wp-json\/wp\/v2\/media?parent=59"}],"curies":[{"name":"wp","href":"https:\/\/api.w.org\/{rel}","templated":true}]}}