{"id":53,"date":"2017-03-21T12:24:22","date_gmt":"2017-03-21T11:24:22","guid":{"rendered":"https:\/\/www.turnerschaft-cimbria.de\/?page_id=53"},"modified":"2025-01-09T11:21:43","modified_gmt":"2025-01-09T10:21:43","slug":"segeln-mit-cimbria","status":"publish","type":"page","link":"https:\/\/www.turnerschaft-cimbria.de\/index.php\/segeln-mit-cimbria\/","title":{"rendered":"Segeln"},"content":{"rendered":"<p>Segeln in <a href=\"https:\/\/www.greifswald.de\/de\/\" target=\"_blank\" rel=\"noopener noreferrer\">Greifswald<\/a> mit der Turnerschaft Cimbria<\/p>\n<p><span style=\"font-size: 10pt; font-family: tahoma, arial, helvetica, sans-serif;\">Impressionen von T\u00f6rns mit unserem Segelboot Strizzi IV, die Bundesbr\u00fcdern im <a href=\"https:\/\/www.turnerschaft-cimbria.de\/index.php\/semesterprogramm\/\">Sommersemester<\/a> jederzeit f\u00fcr Ausfahrten zur Verf\u00fcgung steht. Wir f\u00f6rdern zudem den Erwerb eines Segelscheins f\u00fcr alle unsere Mitglieder. <\/span><span style=\"font-size: 10pt; font-family: tahoma, arial, helvetica, sans-serif;\"><br \/><\/span><\/p>\n<figure id=\"attachment_1030\" aria-describedby=\"caption-attachment-1030\" style=\"width: 462px\" class=\"wp-caption alignnone\"><img loading=\"lazy\" decoding=\"async\" class=\"wp-image-1030 size-large\" src=\"https:\/\/www.turnerschaft-cimbria.de\/wp-content\/uploads\/2025\/01\/WhatsApp-Bild-2025-01-08-um-14.31.40_5a3e037d-462x1024.jpg\" alt=\"\" width=\"462\" height=\"1024\" srcset=\"https:\/\/www.turnerschaft-cimbria.de\/wp-content\/uploads\/2025\/01\/WhatsApp-Bild-2025-01-08-um-14.31.40_5a3e037d-462x1024.jpg 462w, https:\/\/www.turnerschaft-cimbria.de\/wp-content\/uploads\/2025\/01\/WhatsApp-Bild-2025-01-08-um-14.31.40_5a3e037d-135x300.jpg 135w, https:\/\/www.turnerschaft-cimbria.de\/wp-content\/uploads\/2025\/01\/WhatsApp-Bild-2025-01-08-um-14.31.40_5a3e037d.jpg 577w\" sizes=\"auto, (max-width: 462px) 100vw, 462px\" \/><figcaption id=\"caption-attachment-1030\" class=\"wp-caption-text\">Segelt\u00f6rn auf dem <a href=\"https:\/\/de.wikipedia.org\/wiki\/Greifswalder_Bodden\" target=\"_blank\" rel=\"noopener noreferrer\">Greifswalder Bodden<\/a>.<\/figcaption><\/figure>\n<figure id=\"attachment_1065\" aria-describedby=\"caption-attachment-1065\" style=\"width: 461px\" class=\"wp-caption alignnone\"><img loading=\"lazy\" decoding=\"async\" class=\"wp-image-1065\" src=\"https:\/\/www.turnerschaft-cimbria.de\/wp-content\/uploads\/2025\/01\/WhatsApp-Bild-2025-01-08-um-15.37.45_a5329a2f-1-682x1024.jpg\" alt=\"\" width=\"461\" height=\"692\" srcset=\"https:\/\/www.turnerschaft-cimbria.de\/wp-content\/uploads\/2025\/01\/WhatsApp-Bild-2025-01-08-um-15.37.45_a5329a2f-1-682x1024.jpg 682w, https:\/\/www.turnerschaft-cimbria.de\/wp-content\/uploads\/2025\/01\/WhatsApp-Bild-2025-01-08-um-15.37.45_a5329a2f-1-200x300.jpg 200w, https:\/\/www.turnerschaft-cimbria.de\/wp-content\/uploads\/2025\/01\/WhatsApp-Bild-2025-01-08-um-15.37.45_a5329a2f-1-768x1153.jpg 768w, https:\/\/www.turnerschaft-cimbria.de\/wp-content\/uploads\/2025\/01\/WhatsApp-Bild-2025-01-08-um-15.37.45_a5329a2f-1.jpg 966w\" sizes=\"auto, (max-width: 461px) 100vw, 461px\" \/><figcaption id=\"caption-attachment-1065\" class=\"wp-caption-text\">Segelt\u00f6rn auf dem Weg nach <a href=\"https:\/\/de.wikipedia.org\/wiki\/Wieck_(Greifswald)\" target=\"_blank\" rel=\"noopener noreferrer\">Wieck<\/a>.<\/figcaption><\/figure>\n<figure id=\"attachment_169\" aria-describedby=\"caption-attachment-169\" style=\"width: 525px\" class=\"wp-caption alignnone\"><img loading=\"lazy\" decoding=\"async\" class=\"wp-image-169 size-large\" src=\"https:\/\/www.turnerschaft-cimbria.de\/wp-content\/uploads\/2017\/03\/nigfmjdmjbmlmpfg-1024x576.jpg\" alt=\"Segeln in Greifswald mit der Turnerschaft Cimbria\" width=\"525\" height=\"295\" srcset=\"https:\/\/www.turnerschaft-cimbria.de\/wp-content\/uploads\/2017\/03\/nigfmjdmjbmlmpfg-1024x576.jpg 1024w, https:\/\/www.turnerschaft-cimbria.de\/wp-content\/uploads\/2017\/03\/nigfmjdmjbmlmpfg-300x169.jpg 300w, https:\/\/www.turnerschaft-cimbria.de\/wp-content\/uploads\/2017\/03\/nigfmjdmjbmlmpfg-768x432.jpg 768w, https:\/\/www.turnerschaft-cimbria.de\/wp-content\/uploads\/2017\/03\/nigfmjdmjbmlmpfg.jpg 2048w\" sizes=\"auto, (max-width: 525px) 100vw, 525px\" \/><figcaption id=\"caption-attachment-169\" class=\"wp-caption-text\">Ablegen in <a href=\"https:\/\/de.wikipedia.org\/wiki\/Wieck_(Greifswald)\" target=\"_blank\" rel=\"noopener noreferrer\">Wieck<\/a> nach erfolgreichem T\u00f6rn.<\/figcaption><\/figure>\n\n\n<p><\/p>\n","protected":false},"excerpt":{"rendered":"<p>Segeln in Greifswald mit der Turnerschaft Cimbria Impressionen von T\u00f6rns mit unserem Segelboot Strizzi IV, die Bundesbr\u00fcdern im Sommersemester jederzeit f\u00fcr Ausfahrten zur Verf\u00fcgung steht. Wir f\u00f6rdern zudem den Erwerb eines Segelscheins f\u00fcr alle unsere Mitglieder.<\/p>\n","protected":false},"author":1,"featured_media":0,"parent":0,"menu_order":0,"comment_status":"closed","ping_status":"closed","template":"","meta":{"footnotes":""},"class_list":["post-53","page","type-page","status-publish","hentry"],"yoast_head":"<!-- This site is optimized with the Yoast SEO plugin v26.8 - https:\/\/yoast.com\/product\/yoast-seo-wordpress\/ -->\n<title>Segeln mit Cimbria und der Strizzi - Turnerschaft Cimbria<\/title>\n<meta name=\"description\" content=\"Segeln in Greifswald mit der Turnerschaft Cimbria und der Strizzi IV. Erkunde den Greifswalder Bodden und lerne unsere Gemeinschaft kennen.\" \/>\n<meta name=\"robots\" content=\"index, follow, max-snippet:-1, max-image-preview:large, max-video-preview:-1\" \/>\n<link rel=\"canonical\" href=\"https:\/\/www.turnerschaft-cimbria.de\/index.php\/segeln-mit-cimbria\/\" \/>\n<meta property=\"og:locale\" content=\"de_DE\" \/>\n<meta property=\"og:type\" content=\"article\" \/>\n<meta property=\"og:title\" content=\"Segeln mit Cimbria und der Strizzi - Turnerschaft Cimbria\" \/>\n<meta property=\"og:description\" content=\"Segeln in Greifswald mit der Turnerschaft Cimbria und der Strizzi IV. Erkunde den Greifswalder Bodden und lerne unsere Gemeinschaft kennen.\" \/>\n<meta property=\"og:url\" content=\"https:\/\/www.turnerschaft-cimbria.de\/index.php\/segeln-mit-cimbria\/\" \/>\n<meta property=\"og:site_name\" content=\"Turnerschaft Cimbria\" \/>\n<meta property=\"article:publisher\" content=\"https:\/\/www.facebook.com\/CimbriaGryps\/\" \/>\n<meta property=\"article:modified_time\" content=\"2025-01-09T10:21:43+00:00\" \/>\n<meta property=\"og:image\" content=\"https:\/\/www.turnerschaft-cimbria.de\/wp-content\/uploads\/2025\/01\/WhatsApp-Bild-2025-01-08-um-14.31.40_5a3e037d.jpg\" \/>\n\t<meta property=\"og:image:width\" content=\"577\" \/>\n\t<meta property=\"og:image:height\" content=\"1280\" \/>\n\t<meta property=\"og:image:type\" content=\"image\/jpeg\" \/>\n<meta name=\"twitter:card\" content=\"summary_large_image\" \/>\n<meta name=\"twitter:label1\" content=\"Gesch\u00e4tzte Lesezeit\" \/>\n\t<meta name=\"twitter:data1\" content=\"1\u00a0Minute\" \/>\n<script type=\"application\/ld+json\" class=\"yoast-schema-graph\">{\"@context\":\"https:\/\/schema.org\",\"@graph\":[{\"@type\":\"WebPage\",\"@id\":\"https:\/\/www.turnerschaft-cimbria.de\/index.php\/segeln-mit-cimbria\/\",\"url\":\"https:\/\/www.turnerschaft-cimbria.de\/index.php\/segeln-mit-cimbria\/\",\"name\":\"Segeln mit Cimbria und der Strizzi - Turnerschaft Cimbria\",\"isPartOf\":{\"@id\":\"https:\/\/www.turnerschaft-cimbria.de\/#website\"},\"primaryImageOfPage\":{\"@id\":\"https:\/\/www.turnerschaft-cimbria.de\/index.php\/segeln-mit-cimbria\/#primaryimage\"},\"image\":{\"@id\":\"https:\/\/www.turnerschaft-cimbria.de\/index.php\/segeln-mit-cimbria\/#primaryimage\"},\"thumbnailUrl\":\"https:\/\/www.turnerschaft-cimbria.de\/wp-content\/uploads\/2025\/01\/WhatsApp-Bild-2025-01-08-um-14.31.40_5a3e037d-462x1024.jpg\",\"datePublished\":\"2017-03-21T11:24:22+00:00\",\"dateModified\":\"2025-01-09T10:21:43+00:00\",\"description\":\"Segeln in Greifswald mit der Turnerschaft Cimbria und der Strizzi IV. Erkunde den Greifswalder Bodden und lerne unsere Gemeinschaft kennen.\",\"breadcrumb\":{\"@id\":\"https:\/\/www.turnerschaft-cimbria.de\/index.php\/segeln-mit-cimbria\/#breadcrumb\"},\"inLanguage\":\"de\",\"potentialAction\":[{\"@type\":\"ReadAction\",\"target\":[\"https:\/\/www.turnerschaft-cimbria.de\/index.php\/segeln-mit-cimbria\/\"]}]},{\"@type\":\"ImageObject\",\"inLanguage\":\"de\",\"@id\":\"https:\/\/www.turnerschaft-cimbria.de\/index.php\/segeln-mit-cimbria\/#primaryimage\",\"url\":\"https:\/\/www.turnerschaft-cimbria.de\/wp-content\/uploads\/2025\/01\/WhatsApp-Bild-2025-01-08-um-14.31.40_5a3e037d.jpg\",\"contentUrl\":\"https:\/\/www.turnerschaft-cimbria.de\/wp-content\/uploads\/2025\/01\/WhatsApp-Bild-2025-01-08-um-14.31.40_5a3e037d.jpg\",\"width\":577,\"height\":1280},{\"@type\":\"BreadcrumbList\",\"@id\":\"https:\/\/www.turnerschaft-cimbria.de\/index.php\/segeln-mit-cimbria\/#breadcrumb\",\"itemListElement\":[{\"@type\":\"ListItem\",\"position\":1,\"name\":\"Startseite\",\"item\":\"https:\/\/www.turnerschaft-cimbria.de\/\"},{\"@type\":\"ListItem\",\"position\":2,\"name\":\"Segeln\"}]},{\"@type\":\"WebSite\",\"@id\":\"https:\/\/www.turnerschaft-cimbria.de\/#website\",\"url\":\"https:\/\/www.turnerschaft-cimbria.de\/\",\"name\":\"Turnerschaft Cimbria Greifswald\",\"description\":\"an der Universit\u00e4t Greifswald seit 1883\",\"potentialAction\":[{\"@type\":\"SearchAction\",\"target\":{\"@type\":\"EntryPoint\",\"urlTemplate\":\"https:\/\/www.turnerschaft-cimbria.de\/?s={search_term_string}\"},\"query-input\":{\"@type\":\"PropertyValueSpecification\",\"valueRequired\":true,\"valueName\":\"search_term_string\"}}],\"inLanguage\":\"de\"}]}<\/script>\n<!-- \/ Yoast SEO plugin. -->","yoast_head_json":{"title":"Segeln mit Cimbria und der Strizzi - Turnerschaft Cimbria","description":"Segeln in Greifswald mit der Turnerschaft Cimbria und der Strizzi IV. Erkunde den Greifswalder Bodden und lerne unsere Gemeinschaft kennen.","robots":{"index":"index","follow":"follow","max-snippet":"max-snippet:-1","max-image-preview":"max-image-preview:large","max-video-preview":"max-video-preview:-1"},"canonical":"https:\/\/www.turnerschaft-cimbria.de\/index.php\/segeln-mit-cimbria\/","og_locale":"de_DE","og_type":"article","og_title":"Segeln mit Cimbria und der Strizzi - Turnerschaft Cimbria","og_description":"Segeln in Greifswald mit der Turnerschaft Cimbria und der Strizzi IV. Erkunde den Greifswalder Bodden und lerne unsere Gemeinschaft kennen.","og_url":"https:\/\/www.turnerschaft-cimbria.de\/index.php\/segeln-mit-cimbria\/","og_site_name":"Turnerschaft Cimbria","article_publisher":"https:\/\/www.facebook.com\/CimbriaGryps\/","article_modified_time":"2025-01-09T10:21:43+00:00","og_image":[{"width":577,"height":1280,"url":"https:\/\/www.turnerschaft-cimbria.de\/wp-content\/uploads\/2025\/01\/WhatsApp-Bild-2025-01-08-um-14.31.40_5a3e037d.jpg","type":"image\/jpeg"}],"twitter_card":"summary_large_image","twitter_misc":{"Gesch\u00e4tzte Lesezeit":"1\u00a0Minute"},"schema":{"@context":"https:\/\/schema.org","@graph":[{"@type":"WebPage","@id":"https:\/\/www.turnerschaft-cimbria.de\/index.php\/segeln-mit-cimbria\/","url":"https:\/\/www.turnerschaft-cimbria.de\/index.php\/segeln-mit-cimbria\/","name":"Segeln mit Cimbria und der Strizzi - Turnerschaft Cimbria","isPartOf":{"@id":"https:\/\/www.turnerschaft-cimbria.de\/#website"},"primaryImageOfPage":{"@id":"https:\/\/www.turnerschaft-cimbria.de\/index.php\/segeln-mit-cimbria\/#primaryimage"},"image":{"@id":"https:\/\/www.turnerschaft-cimbria.de\/index.php\/segeln-mit-cimbria\/#primaryimage"},"thumbnailUrl":"https:\/\/www.turnerschaft-cimbria.de\/wp-content\/uploads\/2025\/01\/WhatsApp-Bild-2025-01-08-um-14.31.40_5a3e037d-462x1024.jpg","datePublished":"2017-03-21T11:24:22+00:00","dateModified":"2025-01-09T10:21:43+00:00","description":"Segeln in Greifswald mit der Turnerschaft Cimbria und der Strizzi IV. Erkunde den Greifswalder Bodden und lerne unsere Gemeinschaft kennen.","breadcrumb":{"@id":"https:\/\/www.turnerschaft-cimbria.de\/index.php\/segeln-mit-cimbria\/#breadcrumb"},"inLanguage":"de","potentialAction":[{"@type":"ReadAction","target":["https:\/\/www.turnerschaft-cimbria.de\/index.php\/segeln-mit-cimbria\/"]}]},{"@type":"ImageObject","inLanguage":"de","@id":"https:\/\/www.turnerschaft-cimbria.de\/index.php\/segeln-mit-cimbria\/#primaryimage","url":"https:\/\/www.turnerschaft-cimbria.de\/wp-content\/uploads\/2025\/01\/WhatsApp-Bild-2025-01-08-um-14.31.40_5a3e037d.jpg","contentUrl":"https:\/\/www.turnerschaft-cimbria.de\/wp-content\/uploads\/2025\/01\/WhatsApp-Bild-2025-01-08-um-14.31.40_5a3e037d.jpg","width":577,"height":1280},{"@type":"BreadcrumbList","@id":"https:\/\/www.turnerschaft-cimbria.de\/index.php\/segeln-mit-cimbria\/#breadcrumb","itemListElement":[{"@type":"ListItem","position":1,"name":"Startseite","item":"https:\/\/www.turnerschaft-cimbria.de\/"},{"@type":"ListItem","position":2,"name":"Segeln"}]},{"@type":"WebSite","@id":"https:\/\/www.turnerschaft-cimbria.de\/#website","url":"https:\/\/www.turnerschaft-cimbria.de\/","name":"Turnerschaft Cimbria Greifswald","description":"an der Universit\u00e4t Greifswald seit 1883","potentialAction":[{"@type":"SearchAction","target":{"@type":"EntryPoint","urlTemplate":"https:\/\/www.turnerschaft-cimbria.de\/?s={search_term_string}"},"query-input":{"@type":"PropertyValueSpecification","valueRequired":true,"valueName":"search_term_string"}}],"inLanguage":"de"}]}},"_links":{"self":[{"href":"https:\/\/www.turnerschaft-cimbria.de\/index.php\/wp-json\/wp\/v2\/pages\/53","targetHints":{"allow":["GET"]}}],"collection":[{"href":"https:\/\/www.turnerschaft-cimbria.de\/index.php\/wp-json\/wp\/v2\/pages"}],"about":[{"href":"https:\/\/www.turnerschaft-cimbria.de\/index.php\/wp-json\/wp\/v2\/types\/page"}],"author":[{"embeddable":true,"href":"https:\/\/www.turnerschaft-cimbria.de\/index.php\/wp-json\/wp\/v2\/users\/1"}],"replies":[{"embeddable":true,"href":"https:\/\/www.turnerschaft-cimbria.de\/index.php\/wp-json\/wp\/v2\/comments?post=53"}],"version-history":[{"count":33,"href":"https:\/\/www.turnerschaft-cimbria.de\/index.php\/wp-json\/wp\/v2\/pages\/53\/revisions"}],"predecessor-version":[{"id":1070,"href":"https:\/\/www.turnerschaft-cimbria.de\/index.php\/wp-json\/wp\/v2\/pages\/53\/revisions\/1070"}],"wp:attachment":[{"href":"https:\/\/www.turnerschaft-cimbria.de\/index.php\/wp-json\/wp\/v2\/media?parent=53"}],"curies":[{"name":"wp","href":"https:\/\/api.w.org\/{rel}","templated":true}]}}